t. Suppose b = 2*v - 104. Is v composite?
True
Let m be 2/((-4)/32*-2). Suppose 70 = m*h + 14. Is h a composite number?
False
Let k(d) = -2151*d + 32. Is k(-3) prime?
False
Let x(a) = 66*a**2 - a. Let g(n) = -133*n**2 + 2*n. Let s(b) = 2*g(b) + 5*x(b). Let q be s(-5). Suppose -o = 2*o - q. Is o prime?
False
Is 2/3 - (-85)/(-30)*-46 composite?
False
Let o(i) = 12*i**2 + i + 72. Is o(-7) composite?
False
Let y = 227 - -202. Let v = y - 274. Suppose 56 = n - v. Is n composite?
False
Let w(n) = -2*n + 6*n - 5*n + 119. Is w(0) prime?
False
Suppose -n - 4*n = 4*k + 4, -3*k = 2*n + 3. Suppose -2*o + 231 = 5*j, n = 5*o - j + 4*j - 568. Is o a composite number?
False
Let i = -8 - -8. Let t(d) = 4*d + 2741. Is t(i) prime?
True
Suppose -a + 5*w - 2 = 0, a - w = -5*w + 7. Suppose -f - 4 = 0, -a*f + 507 - 29 = 5*g. Let p = g + -9. Is p a composite number?
False
Is (-3)/((-3)/5599)*(-18)/(-18) prime?
False
Let f(z) = 59*z - 4. Let o be f(5). Let q = -150 - -154. Suppose s + o = q*s. Is s composite?
False
Suppose -9*i = -16*i. Suppose i = -l + f + 97, 2*l + 6*f - 194 = f. Is l prime?
True
Suppose -4*j = 3*k - 53228, -2*j - 4*k = 3*j - 66535. Is j prime?
False
Suppose 5942 = 4*i + 2*z, 2*i - 4*i - 2*z = -2970. Suppose 0 = -3*v + 5*v - i. Is v a composite number?
False
Let n(i) = 16*i - 93. Is n(19) a composite number?
False
Suppose -4*q = 4*h + 5176, 0 = -3*h + 3. Let m = q + 2064. Is m a prime number?
True
Let v(q) = -4*q**2 + 2*q - 3. Let i be v(2). Let r = 21 + i. Suppose r*l = l + 4535. Is l a composite number?
False
Suppose -2*k + 1856 = -2606. Is k composite?
True
Let a(p) = 367*p**2 + 4*p + 32. Is a(5) a prime number?
True
Suppose 3*j - 340 - 164 = 0. Suppose 2*p + p = -2*b - 155, 3*b + 3*p = -234. Let q = j + b. Is q composite?
False
Let p(d) = -d**3 - 3*d + 20. Is p(-6) a prime number?
False
Let g(l) be the second derivative of 4*l**3/3 + 3*l. Let v be g(-1). Is (-1790)/v - 6/8 a composite number?
False
Suppose 12*v + 7*v = 155515. Is v prime?
False
Let i(j) = -8*j**2 + j**3 - 10*j + 0*j**3 + 5 + 5 - 1. Let y be i(9). Suppose y = -u + 4 + 63. Is u composite?
False
Let u = 50 + -102. Let y = 83 + u. Is y a prime number?
True
Let j = -32 - -40. Let c = j + 6. Is 32/56 + 2358/c a prime number?
False
Let p(x) = -382*x + 83. Is p(-42) a prime number?
True
Let m be (-1 + 3 + -1)*(3 + 2). Suppose -2*y = -m*k - 16 - 81, 0 = -3*y - 5*k + 133. Is y prime?
False
Is 168/21*(-7499)/(-4) prime?
False
Let d(p) = p**3 + 6*p**2 - 2*p - 6. Let j be d(-6). Suppose 2*o + j = 58. Is o prime?
False
Suppose 5*p - 6744 = -u, 0*u - 2*u = 3*p - 4052. Suppose 0*a - 4*a = -p. Is a a composite number?
False
Suppose 27*f - 60740 = 7*f. Is f a prime number?
True
Let d(y) = -6*y**2 + 30 - 13 + 3*y**3 + 3*y**2. Is d(7) prime?
False
Let v be (-24)/4*(-2)/6. Let z(j) = 13*j**3 - 3*j**2 + 4*j - 3. Is z(v) prime?
True
Let v(m) = 3*m - 8. Let q be v(5). Suppose -4*o + 4*p - 19 = -q, p = -3*o - 1. Is (-276)/2*o - 4 composite?
True
Suppose 292 = 4*z - 2*d - 1120, 706 = 2*z + 5*d. Suppose -u = -12 - z. Is u a composite number?
True
Let s(f) = 2*f + 7. Let v be s(6). Suppose o = -v + 463. Suppose 0 = 3*y + y - o. Is y composite?
True
Suppose 21*g - 14*g - 38283 = 0. Is g a composite number?
True
Suppose -3*s + 2512 = 2*r, -367 = -4*r - 5*s + 4655. Is r a composite number?
True
Let p = 48 - 32. Let m = -14 + p. Suppose m*c - 8*h - 392 = -3*h, 4*c - 2*h - 768 = 0. Is c a composite number?
False
Let i = -536 - -935. Let p = 225 - i. Let j = -123 - p. Is j a prime number?
False
Suppose 6*y - 296 = 4*n + 4*y, 2*n + 148 = -3*y. Let z be (21/(-6) - 4)*n. Let m = 914 - z. Is m composite?
False
Suppose 7*v = -2*v + 24525. Is v/4 + (11/4)/(-11) composite?
True
Let x(d) = 2*d**2 + 7 + 5*d**2 - 5*d**2 - d. Is x(-6) prime?
False
Let i(a) = -252*a - 1. Let p be 1 + -2 + -1 - 3. Is i(p) prime?
True
Let o be (-6)/(-6) + (-6)/(-2). Let x(m) = m**3 + 2*m**2 - m + 6. Let t be x(-3). Suppose t = 5*g + 5*n - 2110, -g - o*n = -8*n - 407. Is g composite?
False
Suppose -5*z = -37 + 7. Suppose v + 4 = -2*y, -4*v + 3*y - 4 = 5*y. Suppose -z*f + 5748 + 1770 = v. Is f a composite number?
True
Suppose 4*n = -s + 256274, -2*n + 3*s = -93230 - 34914. Is n a prime number?
False
Let v(z) = -695*z**2 + 5*z + 5. Let h(m) = 696*m**2 - 6*m - 6. Let n(y) = -6*h(y) - 7*v(y). Let a be 18/(-14) + 2/7. Is n(a) prime?
False
Suppose 0 = 3*y - 2 - 4. Let v(i) = -2*i + 2. Let s be v(y). Let p(b) = -3*b**3 + 2*b**2 + b + 1. Is p(s) composite?
False
Suppose -12*b - 4*b = -64112. Is b a prime number?
True
Suppose -27 = 3*k - 0*k. Let h = 13 + k. Suppose -4678 = -h*i + 358. Is i a prime number?
True
Is -2 + 7 + (-210 + 0)*-18 prime?
False
Let h(l) = 46*l - 43. Suppose 4*s - 65 = -3*w, 3*s - 5*s - w = -35. Is h(s) a composite number?
False
Let x(s) = -s**3 + 16*s**2 - 13*s - 14. Let y be x(15). Suppose 17*f - y*f - 1847 = 0. Is f a prime number?
True
Let d = 440 - 272. Suppose -5*m + 9 = o, 5*m + 2*o = 4*m. Suppose -5*l + m*x = -385, x = -2*l - x + d. Is l a composite number?
False
Suppose -52195 = -4*x + o, 2*o - 4*o = -3*x + 39145. Is x composite?
False
Let y be (0 - -130 - -2) + -2. Let s be 1/(-4 - 45/(-10)). Suppose s*r = -12 + y. Is r a prime number?
True
Let z = -587 + 850. Let j(c) = 3*c**3 + 2*c**2 - 5*c - 4. Let d be j(-3). Let a = d + z. Is a composite?
False
Let h = -19 + 19. Let u(s) = -s**3 + 4. Let w be u(h). Let y(g) = 13*g + 1. Is y(w) a composite number?
False
Suppose -3*b = 3*b + 6. Is b/4 - 33*385/(-20) composite?
True
Let p = 33 + -5. Let q = -25 + p. Is ((-2136)/(-6))/(5 - q) a composite number?
True
Let z(x) = 1631*x - 649. Is z(8) a prime number?
False
Suppose 3*p - 38751 = -4*f, -54*p + 52*p = f - 25829. Is p prime?
False
Let q(v) = -16*v - 1 + 0 - 26*v + 13*v**3 + v**2 + 46*v. Is q(3) prime?
False
Suppose 12*h - 5*h = 23471. Is h prime?
False
Suppose -6 = -2*t - 2. Suppose 208 = i - j, -t*j + 98 + 338 = 2*i. Is i composite?
True
Let r = 8594 - 3728. Suppose 2*g - 2971 + 529 = -2*f, 4*g = 5*f + r. Is g prime?
False
Let z(h) = -h**3 - 11*h**2 + 12*h + 4. Let d be z(-12). Suppose -303 - 177 = -d*g. Let l = 179 - g. Is l a composite number?
False
Suppose -28*u + 10874 = 1606. Is u a composite number?
False
Suppose o - 245 = -0*i - i, -5*o + 1221 = 4*i. Let r = o - 819. Is (5 + r)*4/(-6) a composite number?
True
Let j(c) = -30*c - 4. Let n be j(-3). Let q = -47 + n. Is q prime?
False
Suppose 2*z = 6*z - 40. Is (-6)/z + (-7632)/(-20) a composite number?
True
Let c be 2 + 8/(-12)*6. Let w be c/6 + (-76)/(-12). Is (-2607)/(-18) - (-1)/w prime?
False
Suppose 2*w + 13*v - 10*v - 527 = 0, 0 = w + 2*v - 263. Is w composite?
True
Let y be ((-11)/(-3))/((-3)/(-2196)). Let r = y - 1785. Is r a composite number?
True
Let y be 7/(-28) + 2/8. Let k = 265 - 165. Is 3*k/12 + y a prime number?
False
Let a = 34 + -30. Suppose a*j + 0*z = -5*z + 496, j - 137 = 2*z. Is j a prime number?
False
Let b be ((-4)/(-3))/(4/18). Suppose 3*a = -118 + 2503. Suppose b*n - a = n. Is n prime?
False
Suppose 2*p + 10 = 3*h, 5*h - 5*p - 1 = 24. Suppose 3*c - 3157 = -y, h*y + 15823 = 5*y - 4*c. Is y prime?
True
Suppose -n - 4*p + 0*p + 108 = 0, -432 = -4*n + 3*p. Let q = 241 - n. Is q prime?
False
Suppose -5*r + 7345 = -4*y, y + 4400 = 5*r - 2*r. Is r composite?
True
Let u(l) = 11*l**2 + 5*l - 5. Let s be ((-2)/(-4))/(9/(-108)). Let j be 4 + -7 + 2 - s. Is u(j) a prime number?
False
Let h = -16 + 19. Is h + (-1074)/(-3) + -2 prime?
True
Let h(p) be the first derivative of -169*p**2/2 - 40*p - 10. Is h(-9) composite?
False
Let a = 2 - 0. Suppose a*k - 3 = 89. Is k prime?
False
Suppose 2*b - 27 = -3*d - 12, 2*d + 3 = 3*b. Suppose v = d*v - 10. Suppose -v*x + 708 = 133. Is x a prime number?
False
Let p = -1214 - -1660. Is p prime?
False
Let p = -581 - -1368. Is p a prime number?
True
Suppose 17 - 9 = 2*x. Suppose -x*b + 0*b = -884. Is b prime?
False
Suppose -4*a - 21879 = -5*q, -4*a + 3081 = 4*q - 14451. Is q prime?
False
Is (74/222)/((-2)/(-103746)) prime?
True
Let k be 0 + 2/(4/198). Let p = 650 - k. Suppose 3*c - c - 1697 = -3*s, s - p = 3*c. Is s prime?
True
Let x be 82/(-3) - 8/(-24). Let w = 92 - x. Is w a composite number?
True
Let i(b) = -b**3 - 40*b**2 + 40*b + 45. Is i(-44) composite?
False
Suppose 5*m + 8848 = 3*j, 0 = -j - 3*m + 2*m + 2936. I